Oct 15 14:23:30 wirenboard-ATMTILFT wb-mqtt-serial[26601]: WARNING: <192.168.0.7:23>: closed due to repetetive errors
Oct 15 14:23:35 wirenboard-ATMTILFT wb-mqtt-serial[26601]: WARNING: <192.168.0.7:23>: closed due to repetetive errors
Oct 15 14:23:40 wirenboard-ATMTILFT wb-mqtt-serial[26601]: WARNING: <192.168.0.7:23>: closed due to repetetive errors
Oct 15 14:23:45 wirenboard-ATMTILFT wb-mqtt-serial[26601]: WARNING: <192.168.0.7:23>: closed due to repetetive errors
Oct 15 14:23:50 wirenboard-ATMTILFT wb-mqtt-serial[26601]: WARNING: <192.168.0.7:23>: closed due to repetetive errors
Oct 15 14:23:51 wirenboard-ATMTILFT dhclient[5284]: DHCPDISCOVER on eth1 to 255.255.255.255 port 67 interval 3
Oct 15 14:23:54 wirenboard-ATMTILFT dhclient[5284]: DHCPDISCOVER on eth1 to 255.255.255.255 port 67 interval 8
Oct 15 14:23:55 wirenboard-ATMTILFT wb-mqtt-serial[26601]: WARNING: <192.168.0.7:23>: closed due to repetetive errors
Oct 15 14:24:00 wirenboard-ATMTILFT wb-mqtt-serial[26601]: WARNING: <192.168.0.7:23>: closed due to repetetive errors
Oct 15 14:24:02 wirenboard-ATMTILFT dhclient[5284]: DHCPDISCOVER on eth1 to 255.255.255.255 port 67 interval 9
Oct 15 14:24:05 wirenboard-ATMTILFT wb-mqtt-serial[26601]: WARNING: <192.168.0.7:23>: closed due to repetetive errors
Oct 15 14:24:06 wirenboard-ATMTILFT dhclient[5005]: DHCPDISCOVER on eth0 to 255.255.255.255 port 67 interval 8
Oct 15 14:24:11 wirenboard-ATMTILFT wb-mqtt-serial[26601]: WARNING: <192.168.0.7:23>: closed due to repetetive errors
Oct 15 14:24:11 wirenboard-ATMTILFT dhclient[5284]: DHCPDISCOVER on eth1 to 255.255.255.255 port 67 interval 7
Oct 15 14:24:14 wirenboard-ATMTILFT dhclient[5005]: DHCPDISCOVER on eth0 to 255.255.255.255 port 67 interval 12
Oct 15 14:24:16 wirenboard-ATMTILFT wb-mqtt-serial[26601]: WARNING: <192.168.0.7:23>: closed due to repetetive errors
Oct 15 14:24:18 wirenboard-ATMTILFT dhclient[5284]: DHCPDISCOVER on eth1 to 255.255.255.255 port 67 interval 10
Oct 15 14:24:21 wirenboard-ATMTILFT wb-mqtt-serial[26601]: WARNING: <192.168.0.7:23>: closed due to repetetive errors
Oct 15 14:24:23 wirenboard-ATMTILFT wb-rules[1788]: INFO: network/Ethernet 2 IP: failed to convert value '', passing raw
Oct 15 14:24:23 wirenboard-ATMTILFT wb-rules[1788]: INFO: network/Ethernet IP: failed to convert value '', passing raw
Oct 15 14:24:23 wirenboard-ATMTILFT wb-rules[1788]: INFO: network/Wi-Fi 2 IP: failed to convert value '', passing raw
Oct 15 14:24:23 wirenboard-ATMTILFT wb-rules[1788]: Device "ppp0" does not exist.
Oct 15 14:24:23 wirenboard-ATMTILFT wb-rules[1788]: INFO: network/GPRS IP: failed to convert value '', passing raw
Oct 15 14:24:26 wirenboard-ATMTILFT wb-mqtt-serial[26601]: WARNING: <192.168.0.7:23>: closed due to repetetive errors
Oct 15 14:24:26 wirenboard-ATMTILFT dhclient[5005]: DHCPDISCOVER on eth0 to 255.255.255.255 port 67 interval 12
Oct 15 14:24:28 wirenboard-ATMTILFT dhclient[5284]: DHCPDISCOVER on eth1 to 255.255.255.255 port 67 interval 13
Oct 15 14:24:31 wirenboard-ATMTILFT wb-mqtt-serial[26601]: WARNING: <192.168.0.7:23>: closed due to repetetive errors
Oct 15 14:24:36 wirenboard-ATMTILFT wb-mqtt-serial[26601]: WARNING: <192.168.0.7:23>: closed due to repetetive errors
Oct 15 14:24:38 wirenboard-ATMTILFT dhclient[5005]: DHCPDISCOVER on eth0 to 255.255.255.255 port 67 interval 9
Oct 15 14:24:41 wirenboard-ATMTILFT dhclient[5284]: DHCPDISCOVER on eth1 to 255.255.255.255 port 67 interval 11
Oct 15 14:24:41 wirenboard-ATMTILFT wb-mqtt-serial[26601]: WARNING: <192.168.0.7:23>: closed due to repetetive errors
Oct 15 14:24:46 wirenboard-ATMTILFT wb-mqtt-serial[26601]: WARNING: <192.168.0.7:23>: closed due to repetetive errors
Oct 15 14:24:47 wirenboard-ATMTILFT dhclient[5005]: DHCPDISCOVER on eth0 to 255.255.255.255 port 67 interval 10
Oct 15 14:24:52 wirenboard-ATMTILFT wb-mqtt-serial[26601]: WARNING: <192.168.0.7:23>: closed due to repetetive errors
Oct 15 14:24:52 wirenboard-ATMTILFT dhclient[5284]: No DHCPOFFERS received.
Oct 15 14:24:52 wirenboard-ATMTILFT dhclient[5284]: No working leases in persistent database - sleeping.
Oct 15 14:24:57 wirenboard-ATMTILFT wb-mqtt-serial[26601]: WARNING: <192.168.0.7:23>: closed due to repetetive errors
Oct 15 14:24:57 wirenboard-ATMTILFT dhclient[5005]: DHCPDISCOVER on eth0 to 255.255.255.255 port 67 interval 10
Oct 15 14:25:02 wirenboard-ATMTILFT wb-mqtt-serial[26601]: WARNING: <192.168.0.7:23>: closed due to repetetive errors
Oct 15 14:25:07 wirenboard-ATMTILFT dhclient[5005]: No DHCPOFFERS received.
Oct 15 14:25:07 wirenboard-ATMTILFT dhclient[5005]: No working leases in persistent database - sleeping.
Oct 15 14:25:07 wirenboard-ATMTILFT wb-mqtt-serial[26601]: WARNING: <192.168.0.7:23>: closed due to repetetive errors
Oct 15 14:25:12 wirenboard-ATMTILFT wb-mqtt-serial[26601]: WARNING: <192.168.0.7:23>: closed due to repetetive errors
Oct 15 14:25:17 wirenboard-ATMTILFT wb-mqtt-serial[26601]: WARNING: <192.168.0.7:23>: closed due to repetetive errors
Oct 15 14:25:22 wirenboard-ATMTILFT wb-mqtt-serial[26601]: WARNING: <192.168.0.7:23>: closed due to repetetive errors
Oct 15 14:25:23 wirenboard-ATMTILFT wb-rules[1788]: INFO: network/Ethernet IP: failed to convert value '', passing raw
Oct 15 14:25:23 wirenboard-ATMTILFT wb-rules[1788]: Device "ppp0" does not exist.
Oct 15 14:25:23 wirenboard-ATMTILFT wb-rules[1788]: INFO: network/Ethernet 2 IP: failed to convert value '', passing raw
Oct 15 14:25:23 wirenboard-ATMTILFT wb-rules[1788]: INFO: network/GPRS IP: failed to convert value '', passing raw
Oct 15 14:25:24 wirenboard-ATMTILFT wb-rules[1788]: INFO: network/Wi-Fi 2 IP: failed to convert value '', passing raw
Oct 15 14:25:27 wirenboard-ATMTILFT wb-mqtt-serial[26601]: WARNING: <192.168.0.7:23>: closed due to repetetive errors
Oct 15 14:25:33 wirenboard-ATMTILFT wb-mqtt-serial[26601]: WARNING: <192.168.0.7:23>: closed due to repetetive errors
Oct 15 14:25:38 wirenboard-ATMTILFT wb-mqtt-serial[26601]: WARNING: <192.168.0.7:23>: closed due to repetetive errors
Oct 15 14:25:43 wirenboard-ATMTILFT wb-mqtt-serial[26601]: WARNING: <192.168.0.7:23>: closed due to repetetive errors
Oct 15 14:25:48 wirenboard-ATMTILFT wb-mqtt-serial[26601]: WARNING: <192.168.0.7:23>: closed due to repetetive errors
Oct 15 14:25:53 wirenboard-ATMTILFT wb-mqtt-serial[26601]: WARNING: <192.168.0.7:23>: closed due to repetetive errors
Oct 15 14:25:58 wirenboard-ATMTILFT wb-mqtt-serial[26601]: WARNING: <192.168.0.7:23>: closed due to repetetive errors
Oct 15 14:26:03 wirenboard-ATMTILFT wb-mqtt-serial[26601]: WARNING: <192.168.0.7:23>: closed due to repetetive errors
Oct 15 14:26:08 wirenboard-ATMTILFT wb-mqtt-serial[26601]: WARNING: <192.168.0.7:23>: closed due to repetetive errors
Oct 15 14:26:14 wirenboard-ATMTILFT wb-mqtt-serial[26601]: WARNING: <192.168.0.7:23>: closed due to repetetive errors
Oct 15 14:26:19 wirenboard-ATMTILFT wb-mqtt-serial[26601]: WARNING: <192.168.0.7:23>: closed due to repetetive errors
Oct 15 14:26:23 wirenboard-ATMTILFT wb-rules[1788]: INFO: network/Ethernet IP: failed to convert value '', passing raw
Oct 15 14:26:23 wirenboard-ATMTILFT wb-rules[1788]: Device "ppp0" does not exist.
Oct 15 14:26:24 wirenboard-ATMTILFT wb-rules[1788]: INFO: network/GPRS IP: failed to convert value '', passing raw
Oct 15 14:26:24 wirenboard-ATMTILFT wb-rules[1788]: INFO: network/Ethernet 2 IP: failed to convert value '', passing raw
Oct 15 14:26:24 wirenboard-ATMTILFT wb-rules[1788]: INFO: network/Wi-Fi 2 IP: failed to convert value '', passing raw
Oct 15 14:26:24 wirenboard-ATMTILFT wb-mqtt-serial[26601]: WARNING: <192.168.0.7:23>: closed due to repetetive errors
Oct 15 14:26:29 wirenboard-ATMTILFT wb-mqtt-serial[26601]: WARNING: <192.168.0.7:23>: closed due to repetetive errors
Oct 15 14:26:34 wirenboard-ATMTILFT wb-mqtt-serial[26601]: WARNING: <192.168.0.7:23>: closed due to repetetive errors
Oct 15 14:26:39 wirenboard-ATMTILFT wb-mqtt-serial[26601]: WARNING: <192.168.0.7:23>: closed due to repetetive errors
Oct 15 14:26:44 wirenboard-ATMTILFT wb-mqtt-serial[26601]: WARNING: <192.168.0.7:23>: closed due to repetetive errors
Oct 15 14:26:49 wirenboard-ATMTILFT wb-mqtt-serial[26601]: WARNING: <192.168.0.7:23>: closed due to repetetive errors
Oct 15 14:26:55 wirenboard-ATMTILFT wb-mqtt-serial[26601]: WARNING: <192.168.0.7:23>: closed due to repetetive errors
Oct 15 14:27:00 wirenboard-ATMTILFT wb-mqtt-serial[26601]: WARNING: <192.168.0.7:23>: closed due to repetetive errors
Oct 15 14:27:05 wirenboard-ATMTILFT wb-mqtt-serial[26601]: WARNING: <192.168.0.7:23>: closed due to repetetive errors
Oct 15 14:27:10 wirenboard-ATMTILFT wb-mqtt-serial[26601]: WARNING: <192.168.0.7:23>: closed due to repetetive errors
Oct 15 14:27:15 wirenboard-ATMTILFT wb-mqtt-serial[26601]: WARNING: <192.168.0.7:23>: closed due to repetetive errors
Oct 15 14:27:20 wirenboard-ATMTILFT wb-mqtt-serial[26601]: WARNING: <192.168.0.7:23>: closed due to repetetive errors
Oct 15 14:27:23 wirenboard-ATMTILFT wb-rules[1788]: INFO: network/Ethernet IP: failed to convert value '', passing raw
Oct 15 14:27:23 wirenboard-ATMTILFT wb-rules[1788]: INFO: network/Ethernet 2 IP: failed to convert value '', passing raw
Oct 15 14:27:23 wirenboard-ATMTILFT wb-rules[1788]: INFO: network/Wi-Fi 2 IP: failed to convert value '', passing raw
Oct 15 14:27:23 wirenboard-ATMTILFT wb-rules[1788]: Device "ppp0" does not exist.
Oct 15 14:27:23 wirenboard-ATMTILFT wb-rules[1788]: INFO: network/GPRS IP: failed to convert value '', passing raw
Oct 15 14:27:25 wirenboard-ATMTILFT wb-mqtt-serial[26601]: WARNING: <192.168.0.7:23>: closed due to repetetive errors
Oct 15 14:27:30 wirenboard-ATMTILFT wb-mqtt-serial[26601]: WARNING: <192.168.0.7:23>: closed due to repetetive errors
Oct 15 14:27:36 wirenboard-ATMTILFT wb-mqtt-serial[26601]: WARNING: <192.168.0.7:23>: closed due to repetetive errors
Oct 15 14:27:41 wirenboard-ATMTILFT wb-mqtt-serial[26601]: WARNING: <192.168.0.7:23>: closed due to repetetive errors
Oct 15 14:27:46 wirenboard-ATMTILFT wb-mqtt-serial[26601]: WARNING: <192.168.0.7:23>: closed due to repetetive errors
Oct 15 14:27:51 wirenboard-ATMTILFT wb-mqtt-serial[26601]: WARNING: <192.168.0.7:23>: closed due to repetetive errors
Oct 15 14:27:56 wirenboard-ATMTILFT wb-mqtt-serial[26601]: WARNING: <192.168.0.7:23>: closed due to repetetive errors
Oct 15 14:28:01 wirenboard-ATMTILFT wb-mqtt-serial[26601]: WARNING: <192.168.0.7:23>: closed due to repetetive errors
Oct 15 14:28:06 wirenboard-ATMTILFT wb-mqtt-serial[26601]: WARNING: <192.168.0.7:23>: closed due to repetetive errors
Oct 15 14:28:11 wirenboard-ATMTILFT wb-mqtt-serial[26601]: WARNING: <192.168.0.7:23>: closed due to repetetive errors
Oct 15 14:28:17 wirenboard-ATMTILFT wb-mqtt-serial[26601]: WARNING: <192.168.0.7:23>: closed due to repetetive errors
Oct 15 14:28:22 wirenboard-ATMTILFT wb-mqtt-serial[26601]: WARNING: <192.168.0.7:23>: closed due to repetetive errors
Oct 15 14:28:23 wirenboard-ATMTILFT wb-rules[1788]: INFO: network/Ethernet IP: failed to convert value '', passing raw
Oct 15 14:28:23 wirenboard-ATMTILFT wb-rules[1788]: INFO: network/Ethernet 2 IP: failed to convert value '', passing raw
Oct 15 14:28:23 wirenboard-ATMTILFT wb-rules[1788]: INFO: network/Wi-Fi 2 IP: failed to convert value '', passing raw
Oct 15 14:28:23 wirenboard-ATMTILFT wb-rules[1788]: Device "ppp0" does not exist.
Oct 15 14:28:23 wirenboard-ATMTILFT wb-rules[1788]: INFO: network/GPRS IP: failed to convert value '', passing raw
Oct 15 14:28:27 wirenboard-ATMTILFT wb-mqtt-serial[26601]: WARNING: <192.168.0.7:23>: closed due to repetetive errors
Oct 15 14:28:32 wirenboard-ATMTILFT wb-mqtt-serial[26601]: WARNING: <192.168.0.7:23>: closed due to repetetive errors
Oct 15 14:28:37 wirenboard-ATMTILFT wb-mqtt-serial[26601]: WARNING: <192.168.0.7:23>: closed due to repetetive errors
Oct 15 14:28:42 wirenboard-ATMTILFT wb-mqtt-serial[26601]: WARNING: <192.168.0.7:23>: closed due to repetetive errors
Oct 15 14:28:47 wirenboard-ATMTILFT wb-mqtt-serial[26601]: WARNING: <192.168.0.7:23>: closed due to repetetive errors
Oct 15 14:28:53 wirenboard-ATMTILFT wb-mqtt-serial[26601]: WARNING: <192.168.0.7:23>: closed due to repetetive errors
Oct 15 14:28:58 wirenboard-ATMTILFT wb-mqtt-serial[26601]: WARNING: <192.168.0.7:23>: closed due to repetetive errors
Oct 15 14:28:59 wirenboard-ATMTILFT dhclient[5005]: DHCPDISCOVER on eth0 to 255.255.255.255 port 67 interval 5
Oct 15 14:29:03 wirenboard-ATMTILFT wb-mqtt-serial[26601]: WARNING: <192.168.0.7:23>: closed due to repetetive errors
Oct 15 14:29:04 wirenboard-ATMTILFT dhclient[5005]: DHCPDISCOVER on eth0 to 255.255.255.255 port 67 interval 5
Oct 15 14:29:08 wirenboard-ATMTILFT wb-mqtt-serial[26601]: WARNING: <192.168.0.7:23>: closed due to repetetive errors
Oct 15 14:29:09 wirenboard-ATMTILFT dhclient[5005]: DHCPDISCOVER on eth0 to 255.255.255.255 port 67 interval 13
Oct 15 14:29:13 wirenboard-ATMTILFT wb-mqtt-serial[26601]: WARNING: <192.168.0.7:23>: closed due to repetetive errors
Oct 15 14:29:14 wirenboard-ATMTILFT dhclient[5284]: DHCPDISCOVER on eth1 to 255.255.255.255 port 67 interval 8
Oct 15 14:29:18 wirenboard-ATMTILFT wb-mqtt-serial[26601]: WARNING: <192.168.0.7:23>: closed due to repetetive errors
Oct 15 14:29:22 wirenboard-ATMTILFT dhclient[5005]: DHCPDISCOVER on eth0 to 255.255.255.255 port 67 interval 19
Oct 15 14:29:22 wirenboard-ATMTILFT dhclient[5284]: DHCPDISCOVER on eth1 to 255.255.255.255 port 67 interval 9
Oct 15 14:29:23 wirenboard-ATMTILFT wb-mqtt-serial[26601]: WARNING: <192.168.0.7:23>: closed due to repetetive errors
Oct 15 14:29:23 wirenboard-ATMTILFT wb-rules[1788]: INFO: network/Ethernet IP: failed to convert value '', passing raw
Oct 15 14:29:23 wirenboard-ATMTILFT wb-rules[1788]: INFO: network/Ethernet 2 IP: failed to convert value '', passing raw
Oct 15 14:29:23 wirenboard-ATMTILFT wb-rules[1788]: INFO: network/Wi-Fi 2 IP: failed to convert value '', passing raw
Oct 15 14:29:23 wirenboard-ATMTILFT wb-rules[1788]: Device "ppp0" does not exist.
Oct 15 14:29:23 wirenboard-ATMTILFT wb-rules[1788]: INFO: network/GPRS IP: failed to convert value '', passing raw
Oct 15 14:29:28 wirenboard-ATMTILFT wb-mqtt-serial[26601]: WARNING: <192.168.0.7:23>: closed due to repetetive errors
Oct 15 14:29:31 wirenboard-ATMTILFT dhclient[5284]: DHCPDISCOVER on eth1 to 255.255.255.255 port 67 interval 11
Oct 15 14:29:34 wirenboard-ATMTILFT wb-mqtt-serial[26601]: WARNING: <192.168.0.7:23>: closed due to repetetive errors
Oct 15 14:29:39 wirenboard-ATMTILFT wb-mqtt-serial[26601]: WARNING: <192.168.0.7:23>: closed due to repetetive errors
Oct 15 14:29:41 wirenboard-ATMTILFT dhclient[5005]: DHCPDISCOVER on eth0 to 255.255.255.255 port 67 interval 9
Oct 15 14:29:42 wirenboard-ATMTILFT dhclient[5284]: DHCPDISCOVER on eth1 to 255.255.255.255 port 67 interval 7
Oct 15 14:29:44 wirenboard-ATMTILFT wb-mqtt-serial[26601]: WARNING: <192.168.0.7:23>: closed due to repetetive errors
Oct 15 14:29:49 wirenboard-ATMTILFT dhclient[5284]: DHCPDISCOVER on eth1 to 255.255.255.255 port 67 interval 12
Oct 15 14:29:49 wirenboard-ATMTILFT wb-mqtt-serial[26601]: WARNING: <192.168.0.7:23>: closed due to repetetive errors
Oct 15 14:29:50 wirenboard-ATMTILFT dhclient[5005]: DHCPDISCOVER on eth0 to 255.255.255.255 port 67 interval 10
Oct 15 14:29:54 wirenboard-ATMTILFT wb-mqtt-serial[26601]: WARNING: <192.168.0.7:23>: closed due to repetetive errors
Oct 15 14:29:59 wirenboard-ATMTILFT wb-mqtt-serial[26601]: WARNING: <192.168.0.7:23>: closed due to repetetive errors
Oct 15 14:30:00 wirenboard-ATMTILFT dhclient[5005]: No DHCPOFFERS received.
Oct 15 14:30:00 wirenboard-ATMTILFT dhclient[5005]: No working leases in persistent database - sleeping.
Oct 15 14:30:01 wirenboard-ATMTILFT dhclient[5284]: DHCPDISCOVER on eth1 to 255.255.255.255 port 67 interval 13
Oct 15 14:30:04 wirenboard-ATMTILFT wb-mqtt-serial[26601]: WARNING: <192.168.0.7:23>: closed due to repetetive errors
Oct 15 14:30:09 wirenboard-ATMTILFT wb-mqtt-serial[26601]: WARNING: <192.168.0.7:23>: closed due to repetetive errors
Oct 15 14:30:14 wirenboard-ATMTILFT dhclient[5284]: DHCPDISCOVER on eth1 to 255.255.255.255 port 67 interval 1
Oct 15 14:30:15 wirenboard-ATMTILFT wb-mqtt-serial[26601]: WARNING: <192.168.0.7:23>: closed due to repetetive errors
Oct 15 14:30:15 wirenboard-ATMTILFT dhclient[5284]: No DHCPOFFERS received.
Oct 15 14:30:15 wirenboard-ATMTILFT dhclient[5284]: No working leases in persistent database - sleeping.
Oct 15 14:30:20 wirenboard-ATMTILFT wb-mqtt-serial[26601]: WARNING: <192.168.0.7:23>: closed due to repetetive errors
Oct 15 14:30:23 wirenboard-ATMTILFT wb-rules[1788]: INFO: network/Wi-Fi 2 IP: failed to convert value '', passing raw
Oct 15 14:30:23 wirenboard-ATMTILFT wb-rules[1788]: INFO: network/Ethernet 2 IP: failed to convert value '', passing raw
Oct 15 14:30:23 wirenboard-ATMTILFT wb-rules[1788]: INFO: network/Ethernet IP: failed to convert value '', passing raw
Oct 15 14:30:23 wirenboard-ATMTILFT wb-rules[1788]: Device "ppp0" does not exist.
Oct 15 14:30:23 wirenboard-ATMTILFT wb-rules[1788]: INFO: network/GPRS IP: failed to convert value '', passing raw
Oct 15 14:30:25 wirenboard-ATMTILFT wb-mqtt-serial[26601]: WARNING: <192.168.0.7:23>: closed due to repetetive errors
Oct 15 14:30:30 wirenboard-ATMTILFT wb-mqtt-serial[26601]: WARNING: <192.168.0.7:23>: closed due to repetetive errors
Oct 15 14:30:35 wirenboard-ATMTILFT wb-mqtt-serial[26601]: WARNING: <192.168.0.7:23>: closed due to repetetive errors
Oct 15 14:30:40 wirenboard-ATMTILFT wb-mqtt-serial[26601]: WARNING: <192.168.0.7:23>: closed due to repetetive errors
Oct 15 14:30:45 wirenboard-ATMTILFT wb-mqtt-serial[26601]: WARNING: <192.168.0.7:23>: closed due to repetetive errors
Oct 15 14:30:50 wirenboard-ATMTILFT wb-mqtt-serial[26601]: WARNING: <192.168.0.7:23>: closed due to repetetive errors
Oct 15 14:30:56 wirenboard-ATMTILFT wb-mqtt-serial[26601]: WARNING: <192.168.0.7:23>: closed due to repetetive errors
Oct 15 14:31:01 wirenboard-ATMTILFT wb-mqtt-serial[26601]: WARNING: <192.168.0.7:23>: closed due to repetetive errors
Oct 15 14:31:06 wirenboard-ATMTILFT wb-mqtt-serial[26601]: WARNING: <192.168.0.7:23>: closed due to repetetive errors
Oct 15 14:31:11 wirenboard-ATMTILFT wb-mqtt-serial[26601]: WARNING: <192.168.0.7:23>: closed due to repetetive errors
Oct 15 14:31:16 wirenboard-ATMTILFT wb-mqtt-serial[26601]: WARNING: <192.168.0.7:23>: closed due to repetetive errors
Oct 15 14:31:21 wirenboard-ATMTILFT wb-mqtt-serial[26601]: WARNING: <192.168.0.7:23>: closed due to repetetive errors
Oct 15 14:31:23 wirenboard-ATMTILFT wb-rules[1788]: INFO: network/Ethernet IP: failed to convert value '', passing raw
Oct 15 14:31:23 wirenboard-ATMTILFT wb-rules[1788]: INFO: network/Ethernet 2 IP: failed to convert value '', passing raw
Oct 15 14:31:23 wirenboard-ATMTILFT wb-rules[1788]: INFO: network/Wi-Fi 2 IP: failed to convert value '', passing raw
Oct 15 14:31:24 wirenboard-ATMTILFT wb-rules[1788]: Device "ppp0" does not exist.
Oct 15 14:31:24 wirenboard-ATMTILFT wb-rules[1788]: INFO: network/GPRS IP: failed to convert value '', passing raw
Oct 15 14:31:26 wirenboard-ATMTILFT wb-mqtt-serial[26601]: WARNING: <192.168.0.7:23>: closed due to repetetive errors
Oct 15 14:31:32 wirenboard-ATMTILFT wb-mqtt-serial[26601]: WARNING: <192.168.0.7:23>: closed due to repetetive errors
Oct 15 14:31:37 wirenboard-ATMTILFT wb-mqtt-serial[26601]: WARNING: <192.168.0.7:23>: closed due to repetetive errors
Oct 15 14:31:42 wirenboard-ATMTILFT wb-mqtt-serial[26601]: WARNING: <192.168.0.7:23>: closed due to repetetive errors
Oct 15 14:31:47 wirenboard-ATMTILFT wb-mqtt-serial[26601]: WARNING: <192.168.0.7:23>: closed due to repetetive errors
Oct 15 14:31:52 wirenboard-ATMTILFT wb-mqtt-serial[26601]: WARNING: <192.168.0.7:23>: closed due to repetetive errors
Oct 15 14:31:57 wirenboard-ATMTILFT wb-mqtt-serial[26601]: WARNING: <192.168.0.7:23>: closed due to repetetive errors
Oct 15 14:32:02 wirenboard-ATMTILFT wb-mqtt-serial[26601]: WARNING: <192.168.0.7:23>: closed due to repetetive errors
Oct 15 14:32:07 wirenboard-ATMTILFT wb-mqtt-serial[26601]: WARNING: <192.168.0.7:23>: closed due to repetetive errors
Oct 15 14:32:13 wirenboard-ATMTILFT wb-mqtt-serial[26601]: WARNING: <192.168.0.7:23>: closed due to repetetive errors
Oct 15 14:32:18 wirenboard-ATMTILFT wb-mqtt-serial[26601]: WARNING: <192.168.0.7:23>: closed due to repetetive errors
Oct 15 14:32:23 wirenboard-ATMTILFT wb-mqtt-serial[26601]: WARNING: <192.168.0.7:23>: closed due to repetetive errors
Oct 15 14:32:23 wirenboard-ATMTILFT wb-rules[1788]: INFO: network/Ethernet 2 IP: failed to convert value '', passing raw
Oct 15 14:32:23 wirenboard-ATMTILFT wb-rules[1788]: INFO: network/Ethernet IP: failed to convert value '', passing raw
Oct 15 14:32:23 wirenboard-ATMTILFT wb-rules[1788]: INFO: network/Wi-Fi 2 IP: failed to convert value '', passing raw
Oct 15 14:32:23 wirenboard-ATMTILFT wb-rules[1788]: Device "ppp0" does not exist.
Oct 15 14:32:24 wirenboard-ATMTILFT wb-rules[1788]: INFO: network/GPRS IP: failed to convert value '', passing raw
Oct 15 14:32:28 wirenboard-ATMTILFT wb-mqtt-serial[26601]: WARNING: <192.168.0.7:23>: closed due to repetetive errors
Oct 15 14:32:33 wirenboard-ATMTILFT wb-mqtt-serial[26601]: WARNING: <192.168.0.7:23>: closed due to repetetive errors
Oct 15 14:32:38 wirenboard-ATMTILFT wb-mqtt-serial[26601]: WARNING: <192.168.0.7:23>: closed due to repetetive errors
Oct 15 14:32:43 wirenboard-ATMTILFT wb-mqtt-serial[26601]: WARNING: <192.168.0.7:23>: closed due to repetetive errors
Oct 15 14:32:48 wirenboard-ATMTILFT wb-mqtt-serial[26601]: WARNING: <192.168.0.7:23>: closed due to repetetive errors
Oct 15 14:32:54 wirenboard-ATMTILFT wb-mqtt-serial[26601]: WARNING: <192.168.0.7:23>: closed due to repetetive errors
Oct 15 14:32:59 wirenboard-ATMTILFT wb-mqtt-serial[26601]: WARNING: <192.168.0.7:23>: closed due to repetetive errors
Oct 15 14:33:04 wirenboard-ATMTILFT wb-mqtt-serial[26601]: WARNING: <192.168.0.7:23>: closed due to repetetive errors
Oct 15 14:33:07 wirenboard-ATMTILFT dhclient[5005]: DHCPDISCOVER on eth0 to 255.255.255.255 port 67 interval 7
Oct 15 14:33:09 wirenboard-ATMTILFT wb-mqtt-serial[26601]: WARNING: <192.168.0.7:23>: closed due to repetetive errors
Oct 15 14:33:14 wirenboard-ATMTILFT wb-mqtt-serial[26601]: WARNING: <192.168.0.7:23>: closed due to repetetive errors
Oct 15 14:33:14 wirenboard-ATMTILFT dhclient[5005]: DHCPDISCOVER on eth0 to 255.255.255.255 port 67 interval 10
Oct 15 14:33:19 wirenboard-ATMTILFT wb-mqtt-serial[26601]: WARNING: <192.168.0.7:23>: closed due to repetetive errors
Oct 15 14:33:19 wirenboard-ATMTILFT dhclient[5139]: DHCPREQUEST of 192.168.0.180 on wlan0 to 192.168.0.1 port 67
Oct 15 14:33:19 wirenboard-ATMTILFT dhclient[5139]: DHCPACK of 192.168.0.180 from 192.168.0.1
Oct 15 14:33:19 wirenboard-ATMTILFT dnsmasq[900]: reading /etc/resolv.conf
Oct 15 14:33:19 wirenboard-ATMTILFT dnsmasq[900]: using nameserver 192.168.0.1#53
Oct 15 14:33:19 wirenboard-ATMTILFT dhclient[5139]: bound to 192.168.0.180 -- renewal in 3174 seconds.
Oct 15 14:33:23 wirenboard-ATMTILFT wb-rules[1788]: INFO: network/Wi-Fi 2 IP: failed to convert value '', passing raw
Oct 15 14:33:23 wirenboard-ATMTILFT wb-rules[1788]: INFO: network/Ethernet 2 IP: failed to convert value '', passing raw
Oct 15 14:33:23 wirenboard-ATMTILFT wb-rules[1788]: INFO: network/Ethernet IP: failed to convert value '', passing raw
Oct 15 14:33:23 wirenboard-ATMTILFT wb-rules[1788]: Device "ppp0" does not exist.
Oct 15 14:33:24 wirenboard-ATMTILFT wb-rules[1788]: INFO: network/GPRS IP: failed to convert value '', passing raw
Oct 15 14:33:24 wirenboard-ATMTILFT dhclient[5005]: DHCPDISCOVER on eth0 to 255.255.255.255 port 67 interval 18
Oct 15 14:33:24 wirenboard-ATMTILFT wb-mqtt-serial[26601]: WARNING: <192.168.0.7:23>: closed due to repetetive errors
Oct 15 14:33:29 wirenboard-ATMTILFT wb-mqtt-serial[26601]: WARNING: <192.168.0.7:23>: closed due to repetetive errors
Oct 15 14:33:34 wirenboard-ATMTILFT wb-mqtt-serial[26601]: WARNING: <192.168.0.7:23>: closed due to repetetive errors
Oct 15 14:33:40 wirenboard-ATMTILFT wb-mqtt-serial[26601]: WARNING: <192.168.0.7:23>: closed due to repetetive errors
Oct 15 14:33:42 wirenboard-ATMTILFT dhclient[5005]: DHCPDISCOVER on eth0 to 255.255.255.255 port 67 interval 7
Oct 15 14:33:45 wirenboard-ATMTILFT wb-mqtt-serial[26601]: WARNING: <192.168.0.7:23>: closed due to repetetive errors
Oct 15 14:33:49 wirenboard-ATMTILFT dhclient[5005]: DHCPDISCOVER on eth0 to 255.255.255.255 port 67 interval 12
Oct 15 14:33:50 wirenboard-ATMTILFT wb-mqtt-serial[26601]: WARNING: <192.168.0.7:23>: closed due to repetetive errors
Oct 15 14:33:55 wirenboard-ATMTILFT wb-mqtt-serial[26601]: WARNING: <192.168.0.7:23>: closed due to repetetive errors
Oct 15 14:34:00 wirenboard-ATMTILFT wb-mqtt-serial[26601]: WARNING: <192.168.0.7:23>: closed due to repetetive errors
Oct 15 14:34:01 wirenboard-ATMTILFT dhclient[5005]: DHCPDISCOVER on eth0 to 255.255.255.255 port 67 interval 7
Oct 15 14:34:05 wirenboard-ATMTILFT wb-mqtt-serial[26601]: WARNING: <192.168.0.7:23>: closed due to repetetive errors
Oct 15 14:34:08 wirenboard-ATMTILFT dhclient[5005]: No DHCPOFFERS received.
Oct 15 14:34:08 wirenboard-ATMTILFT dhclient[5005]: No working leases in persistent database - sleeping.
Oct 15 14:34:10 wirenboard-ATMTILFT wb-mqtt-serial[26601]: WARNING: <192.168.0.7:23>: closed due to repetetive errors
Oct 15 14:34:15 wirenboard-ATMTILFT wb-mqtt-serial[26601]: WARNING: <192.168.0.7:23>: closed due to repetetive errors
Oct 15 14:34:17 wirenboard-ATMTILFT wb-mqtt-serial[26601]: WARNING: [register handler] failed to write: : Serial protocol error: malformed response: invalid data size
Oct 15 14:34:17 wirenboard-ATMTILFT wb-rules[1788]: INFO: wb-mcm8_46/Reset all counters: failed to convert value '', passing raw
Oct 15 14:34:17 wirenboard-ATMTILFT wb-mqtt-serial[26601]: WARNING: [register handler] failed to write: : Serial protocol error: malformed response: invalid data size
Oct 15 14:34:18 wirenboard-ATMTILFT wb-mqtt-serial[26601]: WARNING: [register handler] failed to write: : Serial protocol error: malformed response: invalid data size
Oct 15 14:34:18 wirenboard-ATMTILFT wb-mqtt-serial[26601]: WARNING: [register handler] failed to write: : Serial protocol error: malformed response: invalid data size
Oct 15 14:34:18 wirenboard-ATMTILFT wb-mqtt-serial[26601]: WARNING: [register handler] failed to write: : Serial protocol error: malformed response: invalid data size
Oct 15 14:34:19 wirenboard-ATMTILFT wb-mqtt-serial[26601]: WARNING: [register handler] failed to write: : Serial protocol error: malformed response: invalid data size
Oct 15 14:34:19 wirenboard-ATMTILFT wb-mqtt-serial[26601]: WARNING: [register handler] failed to write: : Serial protocol error: malformed response: invalid data size
Oct 15 14:34:20 wirenboard-ATMTILFT wb-mqtt-serial[26601]: WARNING: [register handler] failed to write: : Serial protocol error: malformed response: invalid data size
Oct 15 14:34:20 wirenboard-ATMTILFT wb-mqtt-serial[26601]: WARNING: [register handler] failed to write: : Serial protocol error: malformed response: invalid data size
Oct 15 14:34:20 wirenboard-ATMTILFT wb-mqtt-serial[26601]: WARNING: [register handler] failed to write: : Serial protocol error: malformed response: invalid data size
Oct 15 14:34:21 wirenboard-ATMTILFT wb-mqtt-serial[26601]: WARNING: <192.168.0.7:23>: closed due to repetetive errors
Oct 15 14:34:21 wirenboard-ATMTILFT wb-mqtt-serial[26601]: WARNING: [register handler] failed to write: : Serial protocol error: malformed response: invalid data size
Oct 15 14:34:21 wirenboard-ATMTILFT wb-mqtt-serial[26601]: WARNING: [register handler] failed to write: : Serial protocol error: malformed response: invalid data size
Oct 15 14:34:22 wirenboard-ATMTILFT wb-mqtt-serial[26601]: WARNING: [register handler] failed to write: : Serial protocol error: malformed response: invalid data size
Oct 15 14:34:22 wirenboard-ATMTILFT wb-mqtt-serial[26601]: WARNING: [register handler] failed to write: : Serial protocol error: malformed response: invalid data size
Oct 15 14:34:22 wirenboard-ATMTILFT wb-mqtt-serial[26601]: WARNING: [register handler] failed to write: : Serial protocol error: malformed response: invalid data size
Oct 15 14:34:23 wirenboard-ATMTILFT wb-mqtt-serial[26601]: WARNING: [register handler] failed to write: : Serial protocol error: malformed response: invalid data size
Oct 15 14:34:23 wirenboard-ATMTILFT wb-mqtt-serial[26601]: WARNING: [register handler] failed to write: : Serial protocol error: malformed response: invalid data size
Oct 15 14:34:23 wirenboard-ATMTILFT wb-rules[1788]: INFO: network/Ethernet 2 IP: failed to convert value '', passing raw
Oct 15 14:34:23 wirenboard-ATMTILFT wb-rules[1788]: INFO: network/Ethernet IP: failed to convert value '', passing raw
Oct 15 14:34:23 wirenboard-ATMTILFT wb-rules[1788]: INFO: network/Wi-Fi 2 IP: failed to convert value '', passing raw
Oct 15 14:34:23 wirenboard-ATMTILFT wb-rules[1788]: Device "ppp0" does not exist.
Oct 15 14:34:23 wirenboard-ATMTILFT wb-rules[1788]: INFO: network/GPRS IP: failed to convert value '', passing raw
Oct 15 14:34:24 wirenboard-ATMTILFT wb-mqtt-serial[26601]: WARNING: [register handler] failed to write: : Serial protocol error: malformed response: invalid data size
Oct 15 14:34:24 wirenboard-ATMTILFT wb-mqtt-serial[26601]: WARNING: [register handler] failed to write: : Serial protocol error: malformed response: invalid data size
Oct 15 14:34:24 wirenboard-ATMTILFT wb-mqtt-serial[26601]: WARNING: [register handler] failed to write: : Serial protocol error: malformed response: invalid data size
Oct 15 14:34:25 wirenboard-ATMTILFT wb-mqtt-serial[26601]: WARNING: [register handler] failed to write: : Serial protocol error: malformed response: invalid data size
Oct 15 14:34:25 wirenboard-ATMTILFT wb-mqtt-serial[26601]: WARNING: [register handler] failed to write: : Serial protocol error: malformed response: invalid data size
Oct 15 14:34:25 wirenboard-ATMTILFT wb-mqtt-serial[26601]: WARNING: [register handler] failed to write: : Serial protocol error: malformed response: invalid data size
Oct 15 14:34:26 wirenboard-ATMTILFT wb-mqtt-serial[26601]: WARNING: <192.168.0.7:23>: closed due to repetetive errors
Oct 15 14:34:26 wirenboard-ATMTILFT wb-mqtt-serial[26601]: WARNING: [register handler] failed to write: : Serial protocol error: malformed response: invalid data size
Oct 15 14:34:26 wirenboard-ATMTILFT wb-mqtt-serial[26601]: WARNING: [register handler] failed to write: : Serial protocol error: malformed response: invalid data size
Oct 15 14:34:27 wirenboard-ATMTILFT wb-mqtt-serial[26601]: WARNING: [register handler] failed to write: : Serial protocol error: malformed response: invalid data size
Oct 15 14:34:27 wirenboard-ATMTILFT wb-mqtt-serial[26601]: WARNING: [register handler] failed to write: : Serial protocol error: malformed response: invalid data size
Oct 15 14:34:27 wirenboard-ATMTILFT wb-mqtt-serial[26601]: WARNING: [register handler] failed to write: : Serial protocol error: malformed response: invalid data size
Oct 15 14:34:28 wirenboard-ATMTILFT wb-mqtt-serial[26601]: WARNING: [register handler] failed to write: : Serial protocol error: malformed response: invalid data size
Oct 15 14:34:28 wirenboard-ATMTILFT wb-mqtt-serial[26601]: WARNING: [register handler] failed to write: : Serial protocol error: malformed response: invalid data size
Oct 15 14:34:29 wirenboard-ATMTILFT wb-mqtt-serial[26601]: WARNING: [register handler] failed to write: : Serial protocol error: malformed response: invalid data size
Oct 15 14:34:29 wirenboard-ATMTILFT wb-mqtt-serial[26601]: WARNING: [register handler] failed to write: : Serial protocol error: malformed response: invalid data size
Oct 15 14:34:29 wirenboard-ATMTILFT wb-mqtt-serial[26601]: WARNING: [register handler] failed to write: : Serial protocol error: malformed response: invalid data size
Oct 15 14:34:30 wirenboard-ATMTILFT wb-mqtt-serial[26601]: WARNING: [register handler] failed to write: : Serial protocol error: malformed response: invalid data size
Oct 15 14:34:30 wirenboard-ATMTILFT wb-mqtt-serial[26601]: WARNING: [register handler] failed to write: : Serial protocol error: malformed response: invalid data size
Oct 15 14:34:31 wirenboard-ATMTILFT wb-mqtt-serial[26601]: WARNING: [register handler] failed to write: : Serial protocol error: malformed response: invalid data size
Oct 15 14:34:31 wirenboard-ATMTILFT wb-mqtt-serial[26601]: WARNING: <192.168.0.7:23>: closed due to repetetive errors
Oct 15 14:34:31 wirenboard-ATMTILFT wb-mqtt-serial[26601]: WARNING: [register handler] failed to write: : Serial protocol error: malformed response: invalid data size
Oct 15 14:34:31 wirenboard-ATMTILFT wb-mqtt-serial[26601]: WARNING: [register handler] failed to write: : Serial protocol error: malformed response: invalid data size
Oct 15 14:34:32 wirenboard-ATMTILFT wb-mqtt-serial[26601]: WARNING: [register handler] failed to write: : Serial protocol error: malformed response: invalid data size
Oct 15 14:34:32 wirenboard-ATMTILFT wb-mqtt-serial[26601]: WARNING: [register handler] failed to write: : Serial protocol error: malformed response: invalid data size
Oct 15 14:34:33 wirenboard-ATMTILFT wb-mqtt-serial[26601]: WARNING: [register handler] failed to write: : Serial protocol error: malformed response: invalid data size
Oct 15 14:34:33 wirenboard-ATMTILFT wb-mqtt-serial[26601]: WARNING: [register handler] failed to write: : Serial protocol error: malformed response: invalid data size
Oct 15 14:34:33 wirenboard-ATMTILFT wb-mqtt-serial[26601]: WARNING: [register handler] failed to write: : Serial protocol error: malformed response: invalid data size
Oct 15 14:34:34 wirenboard-ATMTILFT wb-mqtt-serial[26601]: WARNING: [register handler] failed to write: : Serial protocol error: malformed response: invalid data size
Oct 15 14:34:34 wirenboard-ATMTILFT wb-mqtt-serial[26601]: WARNING: [register handler] failed to write: : Serial protocol error: malformed response: invalid data size
Oct 15 14:34:34 wirenboard-ATMTILFT wb-mqtt-serial[26601]: WARNING: [register handler] failed to write: : Serial protocol error: malformed response: invalid data size
Oct 15 14:34:35 wirenboard-ATMTILFT wb-mqtt-serial[26601]: WARNING: [register handler] failed to write: : Serial protocol error: malformed response: invalid data size
Oct 15 14:34:35 wirenboard-ATMTILFT wb-mqtt-serial[26601]: WARNING: [register handler] failed to write: : Serial protocol error: malformed response: invalid data size
Oct 15 14:34:36 wirenboard-ATMTILFT wb-mqtt-serial[26601]: WARNING: [register handler] failed to write: : Serial protocol error: malformed response: invalid data size
Oct 15 14:34:36 wirenboard-ATMTILFT wb-mqtt-serial[26601]: WARNING: <192.168.0.7:23>: closed due to repetetive errors
Oct 15 14:34:36 wirenboard-ATMTILFT wb-mqtt-serial[26601]: WARNING: [register handler] failed to write: : Serial protocol error: malformed response: invalid data size
Oct 15 14:34:36 wirenboard-ATMTILFT wb-mqtt-serial[26601]: WARNING: [register handler] failed to write: : Serial protocol error: malformed response: invalid data size
Oct 15 14:34:37 wirenboard-ATMTILFT wb-mqtt-serial[26601]: WARNING: [register handler] failed to write: : Serial protocol error: malformed response: invalid data size
Oct 15 14:34:37 wirenboard-ATMTILFT wb-mqtt-serial[26601]: WARNING: [register handler] failed to write: : Serial protocol error: malformed response: invalid data size
Oct 15 14:34:38 wirenboard-ATMTILFT wb-mqtt-serial[26601]: WARNING: [register handler] failed to write: : Serial protocol error: malformed response: invalid data size
Oct 15 14:34:38 wirenboard-ATMTILFT wb-mqtt-serial[26601]: WARNING: [register handler] failed to write: : Serial protocol error: malformed response: invalid data size
Oct 15 14:34:38 wirenboard-ATMTILFT wb-mqtt-serial[26601]: WARNING: [register handler] failed to write: : Serial protocol error: malformed response: invalid data size
Oct 15 14:34:39 wirenboard-ATMTILFT wb-mqtt-serial[26601]: WARNING: [register handler] failed to write: : Serial protocol error: malformed response: invalid data size
Oct 15 14:34:39 wirenboard-ATMTILFT wb-mqtt-serial[26601]: WARNING: [register handler] failed to write: : Serial protocol error: malformed response: invalid data size
Oct 15 14:34:40 wirenboard-ATMTILFT wb-mqtt-serial[26601]: WARNING: [register handler] failed to write: : Serial protocol error: malformed response: invalid data size
Oct 15 14:34:40 wirenboard-ATMTILFT wb-mqtt-serial[26601]: WARNING: [register handler] failed to write: : Serial protocol error: malformed response: invalid data size
Oct 15 14:34:40 wirenboard-ATMTILFT wb-mqtt-serial[26601]: WARNING: [register handler] failed to write: : Serial protocol error: malformed response: invalid data size
Oct 15 14:34:41 wirenboard-ATMTILFT wb-mqtt-serial[26601]: WARNING: [register handler] failed to write: : Serial protocol error: malformed response: invalid data size
Oct 15 14:34:41 wirenboard-ATMTILFT wb-mqtt-serial[26601]: WARNING: <192.168.0.7:23>: closed due to repetetive errors
Oct 15 14:34:41 wirenboard-ATMTILFT wb-mqtt-serial[26601]: WARNING: [register handler] failed to write: : Serial protocol error: malformed response: invalid data size
Oct 15 14:34:41 wirenboard-ATMTILFT wb-mqtt-serial[26601]: WARNING: [register handler] failed to write: : Serial protocol error: malformed response: invalid data size
Oct 15 14:34:42 wirenboard-ATMTILFT wb-mqtt-serial[26601]: WARNING: [register handler] failed to write: : Serial protocol error: malformed response: invalid data size
Oct 15 14:34:42 wirenboard-ATMTILFT wb-mqtt-serial[26601]: WARNING: [register handler] failed to write: : Serial protocol error: malformed response: invalid data size
Oct 15 14:34:43 wirenboard-ATMTILFT wb-mqtt-serial[26601]: WARNING: [register handler] failed to write: : Serial protocol error: malformed response: invalid data size
Oct 15 14:34:43 wirenboard-ATMTILFT wb-mqtt-serial[26601]: WARNING: [register handler] failed to write: : Serial protocol error: malformed response: invalid data size
Oct 15 14:34:43 wirenboard-ATMTILFT wb-mqtt-serial[26601]: WARNING: [register handler] failed to write: : Serial protocol error: malformed response: invalid data size
Oct 15 14:34:44 wirenboard-ATMTILFT wb-mqtt-serial[26601]: WARNING: [register handler] failed to write: : Serial protocol error: malformed response: invalid data size
Oct 15 14:34:44 wirenboard-ATMTILFT wb-mqtt-serial[26601]: WARNING: [register handler] failed to write: : Serial protocol error: malformed response: invalid data size
Oct 15 14:34:45 wirenboard-ATMTILFT wb-mqtt-serial[26601]: WARNING: [register handler] failed to write: : Serial protocol error: malformed response: invalid data size
Oct 15 14:34:45 wirenboard-ATMTILFT wb-mqtt-serial[26601]: WARNING: [register handler] failed to write: : Serial protocol error: malformed response: invalid data size
Oct 15 14:34:45 wirenboard-ATMTILFT wb-mqtt-serial[26601]: WARNING: [register handler] failed to write: : Serial protocol error: malformed response: invalid data size
Oct 15 14:34:46 wirenboard-ATMTILFT wb-mqtt-serial[26601]: WARNING: [register handler] failed to write: : Serial protocol error: malformed response: invalid data size
Oct 15 14:34:46 wirenboard-ATMTILFT wb-mqtt-serial[26601]: WARNING: <192.168.0.7:23>: closed due to repetetive errors
Oct 15 14:34:46 wirenboard-ATMTILFT wb-mqtt-serial[26601]: WARNING: [register handler] failed to write: : Serial protocol error: malformed response: invalid data size
Oct 15 14:34:47 wirenboard-ATMTILFT wb-mqtt-serial[26601]: WARNING: [register handler] failed to write: : Serial protocol error: malformed response: invalid data size
Oct 15 14:34:47 wirenboard-ATMTILFT wb-mqtt-serial[26601]: WARNING: [register handler] failed to write: : Serial protocol error: malformed response: invalid data size
Oct 15 14:34:47 wirenboard-ATMTILFT wb-mqtt-serial[26601]: WARNING: [register handler] failed to write: : Serial protocol error: malformed response: invalid data size
Oct 15 14:34:48 wirenboard-ATMTILFT wb-mqtt-serial[26601]: WARNING: [register handler] failed to write: : Serial protocol error: malformed response: invalid data size
Oct 15 14:34:48 wirenboard-ATMTILFT wb-mqtt-serial[26601]: WARNING: [register handler] failed to write: : Serial protocol error: malformed response: invalid data size
Oct 15 14:34:48 wirenboard-ATMTILFT wb-mqtt-serial[26601]: WARNING: [register handler] failed to write: : Serial protocol error: malformed response: invalid data size
Oct 15 14:34:49 wirenboard-ATMTILFT wb-mqtt-serial[26601]: WARNING: [register handler] failed to write: : Serial protocol error: malformed response: invalid data size
Oct 15 14:34:49 wirenboard-ATMTILFT wb-mqtt-serial[26601]: WARNING: [register handler] failed to write: : Serial protocol error: malformed response: invalid data size
Oct 15 14:34:50 wirenboard-ATMTILFT wb-mqtt-serial[26601]: WARNING: [register handler] failed to write: : Serial protocol error: malformed response: invalid data size
Oct 15 14:34:50 wirenboard-ATMTILFT wb-mqtt-serial[26601]: WARNING: [register handler] failed to write: : Serial protocol error: malformed response: invalid data size
Oct 15 14:34:50 wirenboard-ATMTILFT wb-mqtt-serial[26601]: WARNING: [register handler] failed to write: : Serial protocol error: malformed response: invalid data size
Oct 15 14:34:51 wirenboard-ATMTILFT wb-mqtt-serial[26601]: WARNING: [register handler] failed to write: : Serial protocol error: malformed response: invalid data size
Oct 15 14:34:51 wirenboard-ATMTILFT wb-mqtt-serial[26601]: WARNING: <192.168.0.7:23>: closed due to repetetive errors
Oct 15 14:34:51 wirenboard-ATMTILFT wb-mqtt-serial[26601]: WARNING: [register handler] failed to write: : Serial protocol error: malformed response: invalid data size
Oct 15 14:34:52 wirenboard-ATMTILFT wb-mqtt-serial[26601]: WARNING: [register handler] failed to write: : Serial protocol error: malformed response: invalid data size
Oct 15 14:34:52 wirenboard-ATMTILFT wb-mqtt-serial[26601]: WARNING: [register handler] failed to write: : Serial protocol error: malformed response: invalid data size
Oct 15 14:34:52 wirenboard-ATMTILFT wb-mqtt-serial[26601]: WARNING: [register handler] failed to write: : Serial protocol error: malformed response: invalid data size
Oct 15 14:34:53 wirenboard-ATMTILFT wb-mqtt-serial[26601]: WARNING: [register handler] failed to write: : Serial protocol error: malformed response: invalid data size
Oct 15 14:34:53 wirenboard-ATMTILFT wb-mqtt-serial[26601]: WARNING: [register handler] failed to write: : Serial protocol error: malformed response: invalid data size
Oct 15 14:34:54 wirenboard-ATMTILFT wb-mqtt-serial[26601]: WARNING: [register handler] failed to write: : Serial protocol error: malformed response: invalid data size
Oct 15 14:34:54 wirenboard-ATMTILFT wb-mqtt-serial[26601]: WARNING: [register handler] failed to write: : Serial protocol error: malformed response: invalid data size
Oct 15 14:34:54 wirenboard-ATMTILFT wb-mqtt-serial[26601]: WARNING: [register handler] failed to write: : Serial protocol error: malformed response: invalid data size
Oct 15 14:34:55 wirenboard-ATMTILFT wb-mqtt-serial[26601]: WARNING: [register handler] failed to write: : Serial protocol error: malformed response: invalid data size
Oct 15 14:34:55 wirenboard-ATMTILFT wb-mqtt-serial[26601]: WARNING: [register handler] failed to write: : Serial protocol error: malformed response: invalid data size
Oct 15 14:34:55 wirenboard-ATMTILFT wb-mqtt-serial[26601]: WARNING: [register handler] failed to write: : Serial protocol error: malformed response: invalid data size
Oct 15 14:34:56 wirenboard-ATMTILFT wb-mqtt-serial[26601]: WARNING: [register handler] failed to write: : Serial protocol error: malformed response: invalid data size
Oct 15 14:34:56 wirenboard-ATMTILFT wb-mqtt-serial[26601]: WARNING: <192.168.0.7:23>: closed due to repetetive errors
Oct 15 14:34:56 wirenboard-ATMTILFT wb-mqtt-serial[26601]: WARNING: [register handler] failed to write: : Serial protocol error: malformed response: invalid data size
Oct 15 14:34:57 wirenboard-ATMTILFT wb-mqtt-serial[26601]: WARNING: [register handler] failed to write: : Serial protocol error: malformed response: invalid data size
Oct 15 14:34:57 wirenboard-ATMTILFT wb-mqtt-serial[26601]: WARNING: [register handler] failed to write: : Serial protocol error: malformed response: invalid data size
Oct 15 14:34:57 wirenboard-ATMTILFT wb-mqtt-serial[26601]: WARNING: [register handler] failed to write: : Serial protocol error: malformed response: invalid data size
Oct 15 14:34:58 wirenboard-ATMTILFT wb-mqtt-serial[26601]: WARNING: [register handler] failed to write: : Serial protocol error: malformed response: invalid data size
Oct 15 14:34:58 wirenboard-ATMTILFT wb-mqtt-serial[26601]: WARNING: [register handler] failed to write: : Serial protocol error: malformed response: invalid data size
Oct 15 14:34:59 wirenboard-ATMTILFT wb-mqtt-serial[26601]: WARNING: [register handler] failed to write: : Serial protocol error: malformed response: invalid data size
Oct 15 14:34:59 wirenboard-ATMTILFT wb-mqtt-serial[26601]: WARNING: [register handler] failed to write: : Serial protocol error: malformed response: invalid data size
Oct 15 14:34:59 wirenboard-ATMTILFT wb-mqtt-serial[26601]: WARNING: [register handler] failed to write: : Serial protocol error: malformed response: invalid data size
Oct 15 14:35:00 wirenboard-ATMTILFT wb-mqtt-serial[26601]: WARNING: [register handler] failed to write: : Serial protocol error: malformed response: invalid data size
Oct 15 14:35:00 wirenboard-ATMTILFT wb-mqtt-serial[26601]: WARNING: [register handler] failed to write: : Serial protocol error: malformed response: invalid data size
Oct 15 14:35:01 wirenboard-ATMTILFT wb-mqtt-serial[26601]: WARNING: [register handler] failed to write: : Serial protocol error: malformed response: invalid data size
Oct 15 14:35:01 wirenboard-ATMTILFT wb-mqtt-serial[26601]: WARNING: [register handler] failed to write: : Serial protocol error: malformed response: invalid data size
Oct 15 14:35:01 wirenboard-ATMTILFT wb-mqtt-serial[26601]: WARNING: <192.168.0.7:23>: closed due to repetetive errors
Oct 15 14:35:01 wirenboard-ATMTILFT wb-mqtt-serial[26601]: WARNING: [register handler] failed to write: : Serial protocol error: malformed response: invalid data size
Oct 15 14:35:02 wirenboard-ATMTILFT wb-mqtt-serial[26601]: WARNING: [register handler] failed to write: : Serial protocol error: malformed response: invalid data size
Oct 15 14:35:02 wirenboard-ATMTILFT wb-mqtt-serial[26601]: WARNING: [register handler] failed to write: : Serial protocol error: malformed response: invalid data size
Oct 15 14:35:03 wirenboard-ATMTILFT wb-mqtt-serial[26601]: WARNING: [register handler] failed to write: : Serial protocol error: malformed response: invalid data size
Oct 15 14:35:03 wirenboard-ATMTILFT wb-mqtt-serial[26601]: WARNING: [register handler] failed to write: : Serial protocol error: malformed response: invalid data size
Oct 15 14:35:03 wirenboard-ATMTILFT wb-mqtt-serial[26601]: WARNING: [register handler] failed to write: : Serial protocol error: malformed response: invalid data size
Oct 15 14:35:04 wirenboard-ATMTILFT wb-mqtt-serial[26601]: WARNING: [register handler] failed to write: : Serial protocol error: malformed response: invalid data size
Oct 15 14:35:04 wirenboard-ATMTILFT wb-mqtt-serial[26601]: WARNING: [register handler] failed to write: : Serial protocol error: malformed response: invalid data size
Oct 15 14:35:04 wirenboard-ATMTILFT wb-mqtt-serial[26601]: WARNING: [register handler] failed to write: : Serial protocol error: malformed response: invalid data size
Oct 15 14:35:05 wirenboard-ATMTILFT wb-mqtt-serial[26601]: WARNING: [register handler] failed to write: : Serial protocol error: malformed response: invalid data size
Oct 15 14:35:05 wirenboard-ATMTILFT wb-mqtt-serial[26601]: WARNING: [register handler] failed to write: : Serial protocol error: malformed response: invalid data size
Oct 15 14:35:06 wirenboard-ATMTILFT wb-mqtt-serial[26601]: WARNING: [register handler] failed to write: : Serial protocol error: malformed response: invalid data size
Oct 15 14:35:06 wirenboard-ATMTILFT wb-mqtt-serial[26601]: WARNING: [register handler] failed to write: : Serial protocol error: malformed response: invalid data size
Oct 15 14:35:06 wirenboard-ATMTILFT wb-mqtt-serial[26601]: WARNING: <192.168.0.7:23>: closed due to repetetive errors
Oct 15 14:35:06 wirenboard-ATMTILFT wb-mqtt-serial[26601]: WARNING: [register handler] failed to write: : Serial protocol error: malformed response: invalid data size
Oct 15 14:35:07 wirenboard-ATMTILFT wb-mqtt-serial[26601]: WARNING: [register handler] failed to write: : Serial protocol error: malformed response: invalid data size
Oct 15 14:35:07 wirenboard-ATMTILFT wb-mqtt-serial[26601]: WARNING: [register handler] failed to write: : Serial protocol error: malformed response: invalid data size
Oct 15 14:35:08 wirenboard-ATMTILFT wb-mqtt-serial[26601]: WARNING: [register handler] failed to write: : Serial protocol error: malformed response: invalid data size
Oct 15 14:35:08 wirenboard-ATMTILFT wb-mqtt-serial[26601]: WARNING: [register handler] failed to write: : Serial protocol error: malformed response: invalid data size
Oct 15 14:35:08 wirenboard-ATMTILFT wb-mqtt-serial[26601]: WARNING: [register handler] failed to write: : Serial protocol error: malformed response: invalid data size
Oct 15 14:35:09 wirenboard-ATMTILFT wb-mqtt-serial[26601]: WARNING: [register handler] failed to write: : Serial protocol error: malformed response: invalid data size
Oct 15 14:35:09 wirenboard-ATMTILFT wb-mqtt-serial[26601]: WARNING: [register handler] failed to write: : Serial protocol error: malformed response: invalid data size
